{"id":499,"date":"2018-02-05T16:26:16","date_gmt":"2018-02-05T15:26:16","guid":{"rendered":"http:\/\/digitalmappe.uit.no\/tne000\/?page_id=499"},"modified":"2018-02-13T16:19:37","modified_gmt":"2018-02-13T15:19:37","slug":"3-2-min-bruk-av-presentasjonsteknologi","status":"publish","type":"page","link":"https:\/\/digitalmappe.uit.no\/tne000\/3-2-min-bruk-av-presentasjonsteknologi\/","title":{"rendered":"4.2 Kasusstudie 2: Min bruk av presentasjonsteknologi"},"content":{"rendered":"<p>Hvordan kan presentasjonsteknologi (f.eks. PowerPoint) brukes p\u00e5 en effektiv m\u00e5te i undervisningen? Mayer (2008) fremhever tre desiderata:<\/p>\n<ul>\n<li>Unng\u00e5 un\u00f8dvendig prosessering (\u201cextraneous processing\u201d)<\/li>\n<li>H\u00e5ndter essensiell prosessering (\u201cessential processing\u201d)<\/li>\n<li>Fremelsk generativ prosessering (\u201cgenerative processing\u201d)<\/li>\n<\/ul>\n<p>Alle desiderata g\u00e5r ut p\u00e5 \u00e5 bruke presentasjonsteknologi p\u00e5 en m\u00e5te som harmonerer med grunnleggende prinsipper for l\u00e6ring, og dermed komme frem til en vitenskapelig tiln\u00e6rming. Selv om dette er velkomment, er det ikke vanskelig \u00e5 f\u00e5 \u00f8ye p\u00e5 en svakhet i Mayers argumentasjon: Han ser bort fra det sosiale aspektet ved l\u00e6ring (Vygotsky 1978: 24\u201330, se ogs\u00e5 diskusjon hos Dysthe &amp; Igland 2001 og Dolin 2013). N\u00e5r jeg bruker presentasjonsteknologi i undervisningen, er det selvsagt mer enn \u00e9n student til stede, og i det f\u00f8lgende vil jeg kort dr\u00f8fte hvordan dette sosiale aspektet kan kombineres med effektiv bruk av presentasjonsteknologi etter m\u00f8nster av Mayer (2008).<\/p>\n<p>Som p\u00e5pekt i <a href=\"http:\/\/digitalmappe.uit.no\/tne000\/3-1-kasusstudie-1-mine-laereboker\/\">del 4.1<\/a>, skal undervisningen min tilrettelegge for l\u00e6ring som involverer ulike kunnskapstyper og kognitive prosesser. Med tanke p\u00e5 de ulike elementene i undervisningen har jeg utarbeidet min egen taksonomi over lysarktyper:<\/p>\n<ol>\n<li><strong>Innledningslysark<\/strong> fokuserer p\u00e5 viktige grammatiske konstruksjoner og gir lettfattelige forklaringer.<\/li>\n<li><strong>Treningslysark<\/strong> f\u00f8lger opp med oppgaver for \u00e5 trene p\u00e5 de grammatiske konstruksjonene. Oppgavene gj\u00f8res i par\/grupper og gjennomg\u00e5s i plenum.<\/li>\n<li><strong>Gjennomgangslysark<\/strong> g\u00e5r gjennom hver setning i teksten studentene har oversatt hjemme og inneholder fasit, alternativer, forklaring, sp\u00f8rsm\u00e5l og faktarammer.<\/li>\n<li><strong>Aktualitetslysark<\/strong> knytter stoffet opp motaktuelle saker i media.<\/li>\n<li><strong>Oppsummeringslysark<\/strong> repeterer hovedpunktene og gir eksamenstips.<\/li>\n<\/ol>\n<p>Nedenfor f\u00f8lger ett eksempel p\u00e5 hver type.<\/p>\n<p>I<strong>nnledningslysarket<\/strong> til h\u00f8yre handler om aspektkategorien, et vanskelig moment i russisk grammatikk. Teksten er fra oppgaven studentene har gjort hjemme. Ringene markerer de problematiske verbene. Det er to altern<a href=\"http:\/\/digitalmappe.uit.no\/tne000\/wp-content\/uploads\/sites\/304\/2017\/04\/Skjermbilde-2017-04-11-kl.-09.16.15.png\"><img loading=\"lazy\" class=\"size-medium wp-image-139 alignright\" src=\"http:\/\/digitalmappe.uit.no\/tne000\/wp-content\/uploads\/sites\/304\/2017\/04\/Skjermbilde-2017-04-11-kl.-09.16.15-300x211.png\" alt=\"\" width=\"300\" height=\"211\" srcset=\"https:\/\/digitalmappe.uit.no\/tne000\/wp-content\/uploads\/sites\/304\/2017\/04\/Skjermbilde-2017-04-11-kl.-09.16.15-300x211.png 300w, https:\/\/digitalmappe.uit.no\/tne000\/wp-content\/uploads\/sites\/304\/2017\/04\/Skjermbilde-2017-04-11-kl.-09.16.15.png 731w\" sizes=\"(max-width: 300px) 100vw, 300px\" \/><\/a>a-tiver, s\u00e5kalte imperfektive verb (r\u00f8de ringer) og\u00a0 perfektive (bl\u00e5 ringer). For \u00e5 utforme oversettelsesstrategier, diskuterer vi hva som kjennetegner de \u201cr\u00f8de\u201d og \u201cbl\u00e5 verbene\u201d. Etterp\u00e5 lar jeg den oransje tekstboksen komme til syne som oppsummerer strategiene. Her er det alts\u00e5 ikke snakk om monologisk overf\u00f8ring av vedtatte sannheter, men problembasert l\u00e6ringsaktivitet i fellesskap. Samtidig er lysarket utformet i tr\u00e5d med Mayers (2008: 763) prinsipper, hvor s\u00e6rlig to er relevante:<\/p>\n<ul>\n<li><strong>\u201cCoherence: reduce extraneous material.\u201d<\/strong> Lysarket inneholder ikke noe annet enn det som vedkommer saken. Animasjonene er minimale, men elementene presenteres i en rekkef\u00f8lge som muliggj\u00f8r problembasert l\u00e6ringsaktivitet.<\/li>\n<li><strong>\u201cSignaling: highlight essential material.\u201d <\/strong>Fargekodingen er gjennomf\u00f8rt i overskrift, ringer og oransje tekstboks for \u00e5 klargj\u00f8re hovedpoenget \u2013 valget mellom perfektive og imperfektive verb.<\/li>\n<\/ul>\n<p><strong>Treningslysarkene<\/strong> kommer etter et innledningslysark og gir stud<a href=\"http:\/\/digitalmappe.uit.no\/tne000\/wp-content\/uploads\/sites\/304\/2017\/04\/Skjermbilde-2017-04-11-kl.-09.35.26.png\"><img loading=\"lazy\" class=\"size-medium wp-image-143 alignright\" src=\"http:\/\/digitalmappe.uit.no\/tne000\/wp-content\/uploads\/sites\/304\/2017\/04\/Skjermbilde-2017-04-11-kl.-09.35.26-300x212.png\" alt=\"\" width=\"300\" height=\"212\" srcset=\"https:\/\/digitalmappe.uit.no\/tne000\/wp-content\/uploads\/sites\/304\/2017\/04\/Skjermbilde-2017-04-11-kl.-09.35.26-300x212.png 300w, https:\/\/digitalmappe.uit.no\/tne000\/wp-content\/uploads\/sites\/304\/2017\/04\/Skjermbilde-2017-04-11-kl.-09.35.26.png 726w\" sizes=\"(max-width: 300px) 100vw, 300px\" \/><\/a>entene mulighet til \u00e5 trene p\u00e5 et grammatikkmoment. Det f\u00f8rste eksemplet tar vi i plenum, og s\u00e5 jobber studentene i par\/grupper med resten, f\u00f8r jeg til slutt presenterer fasiten og kommenterer eksemplene. Den oransje \u201ctake home message\u201d-tekstboksen nederst til venstre kommer opp til slutt for \u00e5 minne studentene p\u00e5 grunnregelen vi \u00f8ver p\u00e5. Igjen er lysarkene utgangspunkt for problembasert l\u00e6ringsaktivitet, samtidig som de er i tr\u00e5d med Coherence- og Signaling-prinsippene nevnt ovenfor.<\/p>\n<p>P\u00e5 <strong>gjennomgangslysarket <\/strong>til h\u00f8yre er det de sju forklarende \u201csnakkeboblene\u201d som er viktige. <a href=\"http:\/\/digitalmappe.uit.no\/tne000\/wp-content\/uploads\/sites\/304\/2017\/04\/PowerPointEksempel.png\"><img loading=\"lazy\" class=\"size-medium wp-image-135 alignright\" src=\"http:\/\/digitalmappe.uit.no\/tne000\/wp-content\/uploads\/sites\/304\/2017\/04\/PowerPointEksempel-300x207.png\" alt=\"\" width=\"300\" height=\"207\" srcset=\"https:\/\/digitalmappe.uit.no\/tne000\/wp-content\/uploads\/sites\/304\/2017\/04\/PowerPointEksempel-300x207.png 300w, https:\/\/digitalmappe.uit.no\/tne000\/wp-content\/uploads\/sites\/304\/2017\/04\/PowerPointEksempel.png 634w\" sizes=\"(max-width: 300px) 100vw, 300px\" \/><\/a>F\u00f8rst gir jeg studentene den norske setningen (nr. 1), s\u00e5 foresl\u00e5s en russisk oversettelse (nr. 2) med alternativer (nr. 3). Deretter diskuterer vi relevante grammatikkmomenter (nr. 4-5) som er formulert som sp\u00f8rsm\u00e5l for \u00e5 fremme dialogen i timen. Vi diskuterer mulige svar f\u00f8r jeg viser mitt forslag. Til slutt presenteres den oransje tekstboksen som summerer opp lysarket (nr. 6). Snakkeboble nr. 7 peker p\u00e5 en faktaramme med ekstra tilskudd til ordforr\u00e5d. I tillegg til Coherence- og Signaling-prinsippene er f\u00f8lgende prinsipp relevant (Mayer 2008: 766):<\/p>\n<ul>\n<li><strong>\u201cMultimedia: Present words and pictures rather than words alone.\u201d <\/strong>Jeg bruker bildet av pengene \u00f8verst for \u00e5 illustrere innholdet i setningen. I tr\u00e5d med Coherence-prinsippet <em>unng\u00e5r<\/em> jeg irrelevant billedmateriale.<\/li>\n<\/ul>\n<div class=\"page\" title=\"Page 7\"><\/div>\n<p><strong><a href=\"http:\/\/digitalmappe.uit.no\/tne000\/wp-content\/uploads\/sites\/304\/2017\/04\/Skjermbilde-2017-04-11-kl.-10.09.55.png\"><img loading=\"lazy\" class=\"size-medium wp-image-150 alignright\" src=\"http:\/\/digitalmappe.uit.no\/tne000\/wp-content\/uploads\/sites\/304\/2017\/04\/Skjermbilde-2017-04-11-kl.-10.09.55-300x223.png\" alt=\"\" width=\"300\" height=\"223\" srcset=\"https:\/\/digitalmappe.uit.no\/tne000\/wp-content\/uploads\/sites\/304\/2017\/04\/Skjermbilde-2017-04-11-kl.-10.09.55-300x223.png 300w, https:\/\/digitalmappe.uit.no\/tne000\/wp-content\/uploads\/sites\/304\/2017\/04\/Skjermbilde-2017-04-11-kl.-10.09.55.png 738w\" sizes=\"(max-width: 300px) 100vw, 300px\" \/><\/a>Aktualitetslysark<\/strong> har jeg begynt \u00e5 eksperimentere med helt nylig. Eksemplet p\u00e5 bildet er et klipp fra en russisk nyhetsmelding om terrorhandlingene i Petersburg i\u00a0 2017. Jeg gir studentene viktige gloser i faktarammen til h\u00f8yre og sp\u00f8r studentene om de klarer \u00e5 lese nyhetsmeldingen. I fellesskap kommer vi frem til en norsk oversettelse. Til slutt ber jeg dem om \u00e5 finne eksempler p\u00e5 partisipper i teksten, ettersom partisipper er det vi har arbeidet med i det siste. Konklusjonen er et at det er flere partisipper i en enkel nyhetssak som dette. Forh\u00e5pentligvis inspirerer dette til \u00e5 jobbe hardt med partisippene!<\/p>\n<p>Et <strong>oppsummeringslysark<\/strong> til slutt i presentasjonen minner studentene p\u00e5 de viktigste <a href=\"http:\/\/digitalmappe.uit.no\/tne000\/wp-content\/uploads\/sites\/304\/2017\/04\/Skjermbilde-2017-04-11-kl.-09.55.01.png\"><img loading=\"lazy\" class=\"size-medium wp-image-147 alignright\" src=\"http:\/\/digitalmappe.uit.no\/tne000\/wp-content\/uploads\/sites\/304\/2017\/04\/Skjermbilde-2017-04-11-kl.-09.55.01-300x180.png\" alt=\"\" width=\"300\" height=\"180\" srcset=\"https:\/\/digitalmappe.uit.no\/tne000\/wp-content\/uploads\/sites\/304\/2017\/04\/Skjermbilde-2017-04-11-kl.-09.55.01-300x180.png 300w, https:\/\/digitalmappe.uit.no\/tne000\/wp-content\/uploads\/sites\/304\/2017\/04\/Skjermbilde-2017-04-11-kl.-09.55.01.png 735w\" sizes=\"(max-width: 300px) 100vw, 300px\" \/><\/a>poengene vi har ber\u00f8rt i timen. Jeg knytter dette til eksamen, for konstruksjonstypene g\u00e5r igjen i flere oversettelsesoppgaver, og dukker gjerne opp p\u00e5 eksamen ogs\u00e5. Det er viktig at studentene bygger opp et grunnrepertoar av konstruksjoner som de kan bruke n\u00e5r de skriver og snakker russisk. Men i tr\u00e5d med Biggs\u2019 (1999) ideer om constructive alignment er det da ogs\u00e5 viktig at de blir pr\u00f8vet i nettopp disse konstruksjonene til eksamen!<\/p>\n<p>Statiske bilder yter ikke det dynamiske forl\u00f8pet i undervisningen rettferdighet. For et mer realistisk bilde, klikk p\u00e5 lenken nedenfor:<\/p>\n<p><a href=\"http:\/\/digitalmappe.uit.no\/tne000\/wp-content\/uploads\/sites\/304\/2017\/04\/RUS1001_09_Stormakt-TN-2017-Forkortet.pptx\">RUS1001_09_Stormakt TN 2017 Forkortet<\/a><\/p>\n","protected":false},"excerpt":{"rendered":"<p>Hvordan kan presentasjonsteknologi (f.eks. PowerPoint) brukes p\u00e5 en effektiv m\u00e5te i undervisningen? Mayer (2008) fremhever tre desiderata: Unng\u00e5 un\u00f8dvendig prosessering (\u201cextraneous processing\u201d) H\u00e5ndter essensiell prosessering (\u201cessential processing\u201d) Fremelsk generativ prosessering (\u201cgenerative processing\u201d) Alle desiderata g\u00e5r ut p\u00e5 \u00e5 bruke presentasjonsteknologi p\u00e5 en m\u00e5te som harmonerer med grunnleggende prinsipper for l\u00e6ring, og dermed komme frem til &hellip; <a href=\"https:\/\/digitalmappe.uit.no\/tne000\/3-2-min-bruk-av-presentasjonsteknologi\/\" class=\"more-link\">Fortsett \u00e5 lese <span class=\"screen-reader-text\">4.2 Kasusstudie 2: Min bruk av presentasjonsteknologi<\/span> <span class=\"meta-nav\">&rarr;<\/span><\/a><\/p>\n","protected":false},"author":240,"featured_media":0,"parent":0,"menu_order":0,"comment_status":"closed","ping_status":"closed","template":"","meta":[],"_links":{"self":[{"href":"https:\/\/digitalmappe.uit.no\/tne000\/wp-json\/wp\/v2\/pages\/499"}],"collection":[{"href":"https:\/\/digitalmappe.uit.no\/tne000\/wp-json\/wp\/v2\/pages"}],"about":[{"href":"https:\/\/digitalmappe.uit.no\/tne000\/wp-json\/wp\/v2\/types\/page"}],"author":[{"embeddable":true,"href":"https:\/\/digitalmappe.uit.no\/tne000\/wp-json\/wp\/v2\/users\/240"}],"replies":[{"embeddable":true,"href":"https:\/\/digitalmappe.uit.no\/tne000\/wp-json\/wp\/v2\/comments?post=499"}],"version-history":[{"count":20,"href":"https:\/\/digitalmappe.uit.no\/tne000\/wp-json\/wp\/v2\/pages\/499\/revisions"}],"predecessor-version":[{"id":657,"href":"https:\/\/digitalmappe.uit.no\/tne000\/wp-json\/wp\/v2\/pages\/499\/revisions\/657"}],"wp:attachment":[{"href":"https:\/\/digitalmappe.uit.no\/tne000\/wp-json\/wp\/v2\/media?parent=499"}],"curies":[{"name":"wp","href":"https:\/\/api.w.org\/{rel}","templated":true}]}}