{"id":57,"date":"2016-08-29T08:58:33","date_gmt":"2016-08-29T07:58:33","guid":{"rendered":"http:\/\/digitalmappe.uit.no\/4klover23\/?page_id=57"},"modified":"2020-02-24T22:52:43","modified_gmt":"2020-02-24T21:52:43","slug":"dokumentasjon","status":"publish","type":"page","link":"https:\/\/digitalmappe.uit.no\/4klover23\/dokumentasjon\/","title":{"rendered":"Dokumentasjon"},"content":{"rendered":"<p><strong>Denne delen av mappa inneholder kursbevis for de kurs jeg har tatt som en del av universitetspedagogisk basiskompetanse:<\/strong><\/p>\n<p><span style=\"color: #000000;font-family: Calibri\"><a href=\"http:\/\/digitalmappe.uit.no\/4klover23\/wp-content\/uploads\/sites\/192\/2016\/08\/\u00c5-undervise-i-h\u00f8yere-utdanning-kursbevisC.pdf\">\u00c5 undervise i h\u00f8yere utdanning &#8211; kursbevis<\/a><\/span><\/p>\n<p><span style=\"color: #000000;font-family: Calibri\"><a href=\"http:\/\/digitalmappe.uit.no\/4klover23\/wp-content\/uploads\/sites\/192\/2016\/08\/Ulike-perspektiv-p\u00e5-l\u00e6ring-del-1-og-2-kursbevisB.pdf\">Ulike perspektiv p\u00e5 l\u00e6ring del 1 og 2 &#8211; kursbevis<\/a><\/span><\/p>\n<p><span style=\"color: #000000;font-family: Calibri\"><a href=\"http:\/\/digitalmappe.uit.no\/4klover23\/wp-content\/uploads\/sites\/192\/2016\/08\/Kursbevis-Kollegaveiledning-v01_Part12-1.pdf\">Kollegaveiledning del II kursbevis<\/a><\/span><\/p>\n<p><span style=\"color: #000000;font-family: Calibri\"><a href=\"http:\/\/digitalmappe.uit.no\/4klover23\/wp-content\/uploads\/sites\/192\/2016\/08\/pdf_create_certificate.pdf-Plagiatkursbevis.pdf\">Forebygging av plagiat kursbevis<\/a><\/span><\/p>\n<p><a href=\"http:\/\/digitalmappe.uit.no\/4klover23\/wp-content\/uploads\/sites\/192\/2016\/08\/Godkjent-pedagogisk-basiskompetanse-for-h\u00f8yere-utdanning-Kristine-Helen-Korsnes.pdf\">Godkjent pedagogisk basiskompetanse for h\u00f8yere utdanning Kristine Helen Korsnes<\/a><\/p>\n<p><a href=\"http:\/\/digitalmappe.uit.no\/4klover23\/wp-content\/uploads\/sites\/192\/2016\/08\/Godkjenning-av-pedagogisk-mappe-2016-Kristine-Helen-Korsnes.pdf\">Godkjenning av pedagogisk mappe<\/a><\/p>\n<p><strong>Her finner du profileringsdokumentet fra min s\u00f8knad om opprykk til f\u00f8rstelektor i 2017:<\/strong><\/p>\n<p><a href=\"http:\/\/digitalmappe.uit.no\/4klover23\/wp-content\/uploads\/sites\/192\/2020\/02\/Profileringsdokument.pdf\">L\u00e6ring og ledelse for l\u00e6ring. Profileringsdokument<\/a><\/p>\n<p><strong>Dokumentasjon p\u00e5 andre pedagogiske kurs jeg har tatt:<\/strong><\/p>\n<p><a href=\"http:\/\/digitalmappe.uit.no\/4klover23\/wp-content\/uploads\/sites\/192\/2018\/09\/K_Korsnes_Sakkyndigkurset-Kursbevis-V2018.pdf\">Pedagogisk sakkyndige for vurdering av pedagogiske mapper. Kursbevis.<\/a><\/p>\n<p><a href=\"http:\/\/digitalmappe.uit.no\/4klover23\/wp-content\/uploads\/sites\/192\/2018\/09\/workshop-bruk-av-digitale-verkt\u00f8y-i-h\u00f8yere-utdanning.pdf\">Workshop i bruk av digitale verkt\u00f8y i h\u00f8yere utdanning<\/a><\/p>\n","protected":false},"excerpt":{"rendered":"<p>Denne delen av mappa inneholder kursbevis for de kurs jeg har tatt som en del av universitetspedagogisk basiskompetanse: \u00c5 undervise i h\u00f8yere utdanning &#8211; kursbevis Ulike perspektiv p\u00e5 l\u00e6ring del 1 og 2 &#8211; kursbevis Kollegaveiledning del II kursbevis Forebygging av plagiat kursbevis Godkjent pedagogisk basiskompetanse for h\u00f8yere utdanning Kristine Helen Korsnes Godkjenning av pedagogisk &hellip; <a href=\"https:\/\/digitalmappe.uit.no\/4klover23\/dokumentasjon\/\" class=\"more-link\">Fortsett \u00e5 lese <span class=\"screen-reader-text\">Dokumentasjon<\/span> <span class=\"meta-nav\">&rarr;<\/span><\/a><\/p>\n","protected":false},"author":140,"featured_media":0,"parent":0,"menu_order":0,"comment_status":"closed","ping_status":"closed","template":"","meta":[],"_links":{"self":[{"href":"https:\/\/digitalmappe.uit.no\/4klover23\/wp-json\/wp\/v2\/pages\/57"}],"collection":[{"href":"https:\/\/digitalmappe.uit.no\/4klover23\/wp-json\/wp\/v2\/pages"}],"about":[{"href":"https:\/\/digitalmappe.uit.no\/4klover23\/wp-json\/wp\/v2\/types\/page"}],"author":[{"embeddable":true,"href":"https:\/\/digitalmappe.uit.no\/4klover23\/wp-json\/wp\/v2\/users\/140"}],"replies":[{"embeddable":true,"href":"https:\/\/digitalmappe.uit.no\/4klover23\/wp-json\/wp\/v2\/comments?post=57"}],"version-history":[{"count":30,"href":"https:\/\/digitalmappe.uit.no\/4klover23\/wp-json\/wp\/v2\/pages\/57\/revisions"}],"predecessor-version":[{"id":677,"href":"https:\/\/digitalmappe.uit.no\/4klover23\/wp-json\/wp\/v2\/pages\/57\/revisions\/677"}],"wp:attachment":[{"href":"https:\/\/digitalmappe.uit.no\/4klover23\/wp-json\/wp\/v2\/media?parent=57"}],"curies":[{"name":"wp","href":"https:\/\/api.w.org\/{rel}","templated":true}]}}